ppose 0 = -0*u + u - 3. Let h(i) = 14*i - 1. Let q be h(5). Suppose -q = u*t - 6*t. Calculate the remainder when t is divided by 12.
11
Let f(w) = -2*w**2 + 2*w - 3. Let t(o) = -4*o**2 + 5*o - 6. Let z(c) = -5*f(c) + 2*t(c). Calculate the remainder when 61 is divided by z(3).
19
Let p(l) = -l**3 + 6*l**2 + 4*l - 3. Let n(y) = -1 - 5*y**2 + 2*y**3 - 3*y**3 - 2*y + 3 - 5*y**2. Calculate the remainder when p(5) is divided by n(-10).
20
Let k be 20/11 + 10/55. Suppose 2 = -0*d - k*d. What is the remainder when (-2 - -1)/(d/37) is divided by 13?
11
What is the remainder when ((-539)/(-2))/11 + 6/4 is divided by 9?
8
Suppose 16 = -u + 5*u. Suppose 2*b + 8 = -0*b, 3*b = u*t - 24. Calculate the remainder when t is divided by 2.
1
What is the remainder when 9 is divided by (3 - (-17)/(-5)) + 96/15?
3
Calculate the remainder when -33*(-5)/5 + -5 is divided by 17.
11
Let f(h) = 25*h**2 - 1. Calculate the remainder when 95 is divided by f(1).
23
Let g be 1/((-1)/9 + 0). What is the remainder when 17 is divided by -3*(-1)/3 - g?
7
Suppose h + 71 = 2*g, -g + 29 + 9 = -3*h. Suppose -2*c + 41 = r, 2*c + c - 29 = 5*r. Calculate the remainder when g is divided by c.
17
Suppose 2*c - 4*w - 64 = 0, -3*w = 3*c - 0*c - 105. Calculate the remainder when c is divided by 12.
10
Let p be -1 + 142*(0 - -1). Suppose 0 = 5*d - p + 41. What is the remainder when 38 is divided by d?
18
Let u(h) = -h - 4. What is the remainder when 21 is divided by u(-12)?
5
Suppose 3*t - 3*o = 51, t - 4*t - 3*o = -21. Calculate the remainder when 46 is divided by t.
10
Suppose 2*g = -a - 5, 4*g - 4*a - 15 = -a. Suppose 5*s - 27 - 38 = g. What is the remainder when 23 is divided by s?
10
Let x = -5 - -7. Suppose 5*z = f + 13, -5*z - x = 4*f - 0*z. Let q(g) = -5*g - 1. What is the remainder when q(f) is divided by 8?
6
Let i be (3/1 - 3)/2. Suppose -3*x - 115 = -8*x. Calculate the remainder when 45 is divided by x - i/(-1 + 2).
22
Let t(x) = -3*x**3 + 7*x**2 + 8*x + 5. Let s(h) = -4*h**3 + 8*h**2 + 9*h + 6. Let p(m) = 4*s(m) - 5*t(m). Calculate the remainder when 31 is divided by p(-3).
9
What is the remainder when 20 + 2/(4/(-6)) is divided by 6?
5
Let a(n) = n - 5. Let i(k) = k - 4. Let s(w) = -5*a(w) + 6*i(w). Let q = 93 + -84. Calculate the remainder when 19 is divided by s(q).
9
Suppose -5*y + 7 = -48. What is the remainder when 41 is divided by y?
8
Let a(c) = 6*c**3 + 3*c - 2. Suppose -z - 5 = -6. Suppose b - 5*f = 37, 0*b + 2*f = 4*b - 58. What is the remainder when b is divided by a(z)?
5
Suppose -5*u = -4*r + 16, 6 + 14 = 5*r - u. Calculate the remainder when 4 is divided by ((-2)/8)/(r/(-48)).
1
Suppose -2*t + 9 = t. Suppose -4*j + 6 = -o - t*j, 3*o = 2*j - 13. Calculate the remainder when 28 is divided by (16 + o)*(-4 + 5).
13
Let v be -2*((-7)/2 + 1). Let w = 5 - -13. What is the remainder when w is divided by (v/2*-4)/(-1)?
8
Let q be (-6)/(-15)*2*5. Suppose -a + 15 = -5*n - 10, -q*n + 38 = 5*a. Suppose 2*o - 8 = 30. What is the remainder when o is divided by a?
9
Suppose -5*v + 106 = -3*v. Calculate the remainder when v is divided by 27.
26
Suppose -6*y = 3 - 87. Let f = -24 - -79. Calculate the remainder when f is divided by y.
13
Suppose 2 = -4*h + 38. What is the remainder when 44 is divided by h?
8
Let s = 9 - 2. Suppose 4*w + s = -4*l + 27, 3*l = -2*w + 11. Suppose 6 = y - 1. What is the remainder when y is divided by w?
3
Let m = -46 - -83. Suppose 2*v = 6*v - 52. What is the remainder when m is divided by v?
11
Calculate the remainder when 3360/75 - 1/(-5) is divided by 4.
1
Let y be 1/(-4) - (-141)/(-12). Calculate the remainder when 32 is divided by 43/4 + (-3)/y.
10
Suppose c = i - 5*i + 13, -5*i = c - 14. Let k be (-4 + -1)/((-3)/30). Suppose 5*r = 5*l + k, -5*r - l + 21 = 1. What is the remainder when c is divided by r?
4
Let i = -30 + 69. Suppose 2*h - 17 = i. Calculate the remainder when h is divided by 10.
8
Let m = 18 + -14. What is the remainder when 15 is divided by m?
3
Let o(q) = -q**2 - 14*q + 12. What is the remainder when 21 is divided by o(-14)?
9
Suppose -4*g - 88 + 224 = 0. Suppose -n = -2*d + g, -d + 10 = 5*n - 18. Calculate the remainder when 68/3*(-3)/(-2) is divided by d.
16
Suppose 13 + 19 = 4*k. What is the remainder when 93 is divided by k?
5
What is the remainder when 28 + (-1)/((-3)/(-9)) is divided by 7?
4
Let s(v) be the second derivative of -13*v**5/20 - v**4/6 - v**3/3 - v**2/2 + 2*v. Let p = 63 + -28. Calculate the remainder when p is divided by s(-1).
11
Let f = -19 - -35. Let k(n) = -n**3 + 11*n**2 - 6*n - 9. Let w(a) = a + 5. Let i be w(5). Calculate the remainder when k(i) is divided by f.
15
Suppose -3*f + 2*p + 9 = 0, p - 4 = -f - 1. Suppose -2*o + 9 = f*q, -o + 3 = q + o. Suppose -q - 9 = -v. What is the remainder when 23 is divided by v?
11
Let j(u) = u**3 + 3*u**2 + 2*u. Let h be j(-3). Let t = h - -14. Calculate the remainder when 32 is divided by 86/t - 2/(-8).
10
Let b = 47 - -9. What is the remainder when b is divided by 15?
11
Suppose 5*g = 4*j + 47, 0 = j - g + 4 + 9. Let b = j - -27. Calculate the remainder when 16 is divided by b.
7
Let a = -17 + 26. Let v = 52 - 36. What is the remainder when v is divided by a?
7
Calculate the remainder when 29 is divided by (-15 - -17)/(48/22 + -2).
7
Let q(t) = -10*t - 1. Suppose -3*j - 30 = -6*j. Suppose -10 - j = 5*m. Calculate the remainder when q(m) is divided by 20.
19
Calculate the remainder when 105 is divided by ((-24)/36)/((-2)/81).
24
Suppose 2*i = 2*c - 18, -c + i - 15 = 6*i. Calculate the remainder when 69 is divided by c.
4
Suppose 2*v - 7*v = 0. Suppose 2*q - 58 = -v. Calculate the remainder when q is divided by 8.
5
Let r(w) = -3*w + 1. Let l be r(-1). What is the remainder when l/(-10) + (-284)/(-10) is divided by 10?
8
Let v(y) = y**3 - 2*y**2 - 12*y - 10. Calculate the remainder when v(6) is divided by 7.
6
Let l = -6 - -8. Suppose -z + l*z = 33. Suppose -6*x + 3*x = -z. Calculate the remainder when 43 is divided by x.
10
Suppose -5*d - z = -4*d, -2*d = -2*z - 8. Suppose 0 = -0*v - d*v + 46. Let p(l) = l + 3. What is the remainder when v is divided by p(5)?
7
Suppose a + 22 = -3*r, -4*r + a - 20 = -0*r. What is the remainder when (-20)/r*588/35 is divided by 19?
18
Suppose 0*u - 4*u = -40. Suppose -6 - 4 = 5*r. What is the remainder when r*34/(-4) + 2 is divided by u?
9
Suppose -c = -5*c + 8. Suppose c*v = 10 + 10. Suppose d - 1 = v. Calculate the remainder when 41 is divided by d.
8
Let s(d) = -d**3 + 5*d**2 - 4*d + 5. Let k be s(5). Let i = -11 - k. Suppose i*t = 3*t + 11. What is the remainder when t is divided by 3?
2
Let j(m) be the third derivative of m**6/120 - m**5/12 + m**4/8 - m**3/2 - 2*m**2. What is the remainder when 34 is divided by j(5)?
10
Let q(y) = -11*y - 4. Calculate the remainder when q(-7) is divided by 19.
16
Let b = -43 + 30. Let j = b - -27. Suppose -5*l = -j - 1. What is the remainder when 4 is divided by l?
1
Let j = 13 - 8. Suppose d - 67 = -j*f - 0*d, -43 = -2*f + 5*d. Suppose 5*v + k = 2*k + 35, 2*v = 2*k + f. Calculate the remainder when v is divided by 2.
1
Let v = 65 - 91. Let h = -13 - v. What is the remainder when 38 is divided by h?
12
Suppose -5*o + 58 = y, 4*o + 2 - 52 = -2*y. Suppose -129 = -5*k + 86. What is the remainder when k is divided by o?
10
Let b(x) = 3*x + 5*x - 181 + 167. Calculate the remainder when b(10) is divided by 17.
15
Let k be (-2 - 4)*-1 + -2. Let f be k - (-2 + 3 + -2). Suppose f*o = o + 200. Calculate the remainder when o is divided by 26.
24
Let c = 4 + -3. Suppose c = -2*d + 25. What is the remainder when 34 is divided by d?
10
Suppose -3*h - 25 + 76 = 0. What is the remainder when 10 is divided by (-7)/28 + h/4?
2
Let x = 37 + -12. Calculate the remainder when x is divided by 14.
11
Suppose 2*n + 2 = -4*y, 0 = -0*n - n + 3*y + 14. Let t = -31 + 68. Suppose 2*m - 3*h = t, 3*m + 2*h = -2*h + 30. Calculate the remainder when m is divided by n.
4
Suppose -42 - 3 = -3*u. What is the remainder when 29 is divided by u?
14
Suppose -l = -2*j + 103, -3*l - 13 = 3*j - 145. What is the remainder when j is divided by 10?
9
Suppose 0*z = -2*z + 8. Suppose 2*x - 4*p - 23 = p, -z*x = 3*p - 85. Let g = 8 - -29. Calculate the remainder when g is divided by x.
18
Suppose 0 = 2*t + n - 56, 0 = -2*t - 0*t - 4*n + 68. Ca